+ g - v. Suppose g = 3*c + 2*c. Calculate the highest common divisor of 16 and c.
4
Suppose -c + 5 + 2 = 0. Let i be (c + -6)/((-2)/(-50)). Calculate the greatest common divisor of 5 and i.
5
Suppose -5*a = 5 - 115. Calculate the highest common divisor of a and 2.
2
Let f(z) = z**2 + 6*z + 18. Let v be f(-6). Calculate the highest common divisor of 12 and v.
6
Suppose k - t + 4*t = 8, 0 = 5*k + 2*t - 14. Suppose k*w = 3*w. Suppose -4*p = -w*p - 28. What is the highest common factor of 35 and p?
7
Let d(h) = -h**2 + 8*h - 3. Let s be d(3). Calculate the greatest common factor of 48 and s.
12
Let l(x) = x**3 - 11*x**2 + 11*x - 8. Let d be l(10). What is the greatest common divisor of 14 and d?
2
Suppose 0 = 14*s - 11*s - 132. Calculate the greatest common factor of 88 and s.
44
Let d(h) = -h**3 - 4*h**2 + h + 7. Let a be d(-4). Calculate the greatest common factor of 9 and a.
3
Suppose 3*s + s - 16 = 0. Suppose -s = -3*x + x. Suppose x*p - 495 = -3*p. Calculate the greatest common divisor of 9 and p.
9
Let p(b) = -225*b - 1. Let j be p(-1). What is the highest common factor of j and 14?
14
Let y = -2 - 0. Let o be 2 - y/(-4)*-2. Suppose -o*a + 4*a - 49 = 0. What is the highest common factor of a and 7?
7
Suppose 2*v + 3*m = 2*m + 9, 3*v = m + 26. Suppose -3*a + 293 = -v. What is the highest common divisor of 25 and a?
25
Suppose -44 = -3*o + 4*h, 0 = 2*o - 5*h - 45 + 4. Suppose 4*s - 140 = 148. What is the highest common factor of o and s?
8
Suppose -4*v = 10 - 50. Calculate the greatest common divisor of 4 and v.
2
Let w be -1*1/1 - -9. Suppose 5*c = 4*p - 42, 2*p - c - w - 16 = 0. Calculate the highest common factor of p and 65.
13
Let a(o) = -2*o - 7. Let y be a(-5). Suppose -11 = y*h + 4*i, -4*h - 5*i = 2 + 12. Let q = h - -3. Calculate the highest common divisor of q and 8.
2
Let q be ((-1)/(-3)*-1)/(1/(-6)). Calculate the greatest common divisor of 16 and q.
2
Let t = -6 + -115. Let a be t/(-2) + (-2)/4. Calculate the greatest common divisor of 15 and a.
15
Let w be (-6)/30 + 79/(-5). Let s be (w - -12)*15/(-4). What is the greatest common divisor of 6 and s?
3
Let d = -2 + 6. Let p = d - 2. Suppose -p*n - 51 = -5*n. What is the greatest common divisor of n and 17?
17
Let c be -1*6*3/(-3). Let a(g) = 4*g - 8. Let b be a(c). Let w = -104 + 152. Calculate the greatest common divisor of w and b.
16
Let d = -3 - -6. Suppose d*n - 4*n + 104 = 0. Suppose -5*b - u = -60, -5*b + 0*u = -2*u - 75. What is the highest common divisor of n and b?
13
Suppose 3*l = 1 + 2. Suppose 0*o + 3*o + l = 2*s, 5*s + 5*o - 40 = 0. Suppose 10 = -s*m + 6*m. Calculate the greatest common divisor of 50 and m.
10
Suppose 4*h - 3 = v, 4*v + 36 = 3*h + 37. Suppose 0 = -5*b - 0*b + 5. Calculate the highest common divisor of h and b.
1
Let a = -27 - -38. What is the greatest common divisor of 99 and a?
11
Let q = -134 + 227. What is the greatest common factor of q and 62?
31
Let z be ((-5)/10)/(2/(-248)). What is the greatest common factor of z and 155?
31
Suppose 0 = -0*t + t - 14. Let c = -6 + t. Let q = -1 - -25. Calculate the highest common factor of q and c.
8
Let l be ((-20)/12 - 1)/((-4)/42). Calculate the highest common factor of l and 14.
14
Let t(d) = -d**3 - 9*d**2 + 14*d + 3. Let c be t(-10). Let p = c - -52. Calculate the greatest common divisor of p and 135.
15
Let u be -2 + -1 - (6 - 11). Calculate the highest common factor of 10 and u.
2
Suppose 5*p - 66 = 2*p. Let d be 1 + 2 + -1 + 0. Calculate the greatest common divisor of d and p.
2
Let u(p) = 0*p - 3 + 1 + p. Suppose -7*n + 30 = -2*n. Let m be u(n). Calculate the greatest common factor of 36 and m.
4
Let y(h) = 4 + 2*h**2 - 2*h + 0*h**2 + 0 + h**3. Suppose -r + 3 = -2*r. Let f be y(r). What is the greatest common divisor of f and 3?
1
Suppose -2*i = 3*n + 32, 0*n - 40 = 2*i - n. Suppose -x = -3*x + 62. Let u = x + i. What is the highest common factor of u and 3?
3
Let q = -5 - -3. Let h be (-12)/(q + -1) - 0. Suppose h*u = -5*m + 92, u = 2*m + 11 - 1. What is the highest common divisor of u and 18?
18
Let t be (-15)/2*6 + 3. Let v be ((-24)/(-36))/((-4)/t). Calculate the greatest common divisor of 1 and v.
1
Let v be (-2 + -29)/(4 + -5). Calculate the highest common factor of 31 and v.
31
Let j be (2304/(-120))/(1/(-10)). What is the greatest common divisor of j and 12?
12
Suppose s = -2*k + 13, 0 = s - 5 - 0. Suppose k*p + 2*w + 3*w = 89, 4*w - 4 = 0. Calculate the highest common divisor of p and 7.
7
Let u = 271 - -59. Calculate the greatest common factor of 15 and u.
15
Let w = -2 + 12. What is the highest common factor of 4 and w?
2
Suppose 0 = -12*r + 5*r + 56. Calculate the highest common factor of 56 and r.
8
Suppose -4*c + 9*c = -40. Let d(s) = -s - 7. Let x be d(c). What is the highest common factor of x and 5?
1
Suppose -7*m = -6*m - 112. Let g be 3*(-2 + 60/9). Let f = g + 0. What is the greatest common divisor of f and m?
14
Suppose -7*w = w - 24. Let a = -5 + 8. Calculate the highest common divisor of w and a.
3
Suppose -2*m + 14 = 54. Let g be 3/2*m/(-15). Suppose 0 = -2*y + 68 + g. What is the highest common factor of y and 14?
7
Let r = -131 + 285. Let a(l) = l**2 + 4*l - 7. Let g be a(-7). Calculate the highest common factor of g and r.
14
Let i(h) = -6*h - 9. Let m be i(-6). Let c = -74 - -115. Let s = -23 + c. Calculate the highest common factor of m and s.
9
Let m(h) = 5*h**2 + 2*h + 6. Let c be m(-2). What is the highest common divisor of c and 176?
22
Let s be 1/(-4) + (-226)/(-8). Let o = -6 - -9. Let y be -2*o/6*-7. What is the highest common divisor of y and s?
7
Let g = 18 + -14. Suppose -3*u + g*t + 29 = 0, -2*u - t - 4 = -38. Calculate the highest common factor of u and 10.
5
Suppose 2*h - 2*p + 7*p - 27 = 0, -5*h = -2*p + 5. Suppose -5 = 3*u + h. Let q be (5 - 5) + (-1 - u). What is the greatest common factor of 1 and q?
1
Let w(z) = 3*z**2 - 3*z - 6. Let b be w(3). Calculate the highest common factor of b and 1.
1
Suppose 5*c + 4 = 169. Suppose 2*g + g = c. What is the greatest common factor of g and 33?
11
Let z(y) = -y**3 - 6*y**2 + 6*y - 4. Let v be z(-7). Let r = 2 - -1. What is the highest common factor of v and r?
3
Suppose -m + 2*j = -23, 2*j + 8 - 30 = -2*m. Calculate the greatest common factor of m and 25.
5
Let z be (-15)/(-25) + (3636/15 - 3). Calculate the highest common factor of z and 96.
48
Suppose h = -0*h + 2. Let m be (-2)/(-1) + (h - -28). Suppose 4 = l - 4. What is the greatest common factor of m and l?
8
Let f(q) = -2*q**2 - 43*q - 13. Let b be f(-21). Suppose 4*w + 161 = 4*j - 207, 164 = 2*j + 3*w. Calculate the highest common divisor of b and j.
8
Let c be (0*(-3)/3)/(-1). Suppose -g = -c*g - 60. Calculate the greatest common factor of 24 and g.
12
Suppose 55 = 10*f + f. What is the greatest common divisor of f and 45?
5
Suppose -2*l + 1 = -19. What is the highest common divisor of l and 2?
2
Suppose -n - 3*v = 4*n - 345, n - 52 = -4*v. What is the greatest common divisor of 8 and n?
8
Suppose 0 = -6*w + 2*w + 4*x + 360, -4*w - 5*x = -369. What is the highest common factor of 13 and w?
13
Let c be (-9)/27 + 61/3. Calculate the highest common divisor of c and 10.
10
Let s(x) = x + x + 13*x**2 + x + 4. Let l be s(-3). What is the highest common factor of 14 and l?
14
Let d be 0*2/6 + 4. Suppose 0 = -d*c + 4, -4*k + 4*c + 175 = -c. Calculate the greatest common divisor of 9 and k.
9
Let a be 62 - (4 + (-7 - 0)). Let w(x) = -x**3 - x**2 + 2*x + 1. Let s be w(-3). What is the greatest common divisor of a and s?
13
Let n be 14/4 + (-1)/(-2). Let b(p) = -p**3 + 6*p**2 - 2*p + 4. Let k be b(4). What is the greatest common divisor of k and n?
4
Suppose 5*a = -j + 29 + 193, 4*a - 872 = -4*j. Suppose -j = -5*w + 133. Let x = -25 + 39. Calculate the greatest common divisor of x and w.
14
Let h(v) = -1 + 2 - 5 - v**2 - 7*v. Let g be h(-4). Let j(x) = -x**2 + 14*x. Let w be j(10). Calculate the greatest common factor of g and w.
8
Suppose -4*u = -0*u. Suppose 4*g + u = 8. Suppose d - 27 = -j - 4*j, -4*d + g*j = -42. Calculate the greatest common factor of d and 3.
3
Let x = 1 - -1. Suppose x*c = -3*l + 2 + 5, 0 = -4*l - 4*c + 4. Let y = 12 + 43. Calculate the greatest common divisor of y and l.
5
Let m be 24 + 12/(2 + -4). What is the highest common divisor of